= g**3 - g**2 - 3*g + 5. Let v be m(2). List the prime factors of (276/16)/(v/8).
2, 23
Suppose 4*d + 17 - 29 = 0. Suppose 0 = 4*z - 3*i - 245, 187 = d*z - 0*i + i. List the prime factors of z.
2, 31
Suppose 7*u - 3249 - 2281 = 0. What are the prime factors of u?
2, 5, 79
Let n be (24/20)/(9/30). List the prime factors of 1/((-1809)/453 + n).
151
Suppose -z = 2*z + 36. List the prime factors of (160/z)/((-1)/3).
2, 5
Let b = 7 - 4. Suppose 4*w = d - 23, b*d - 4*w - 6 = 87. List the prime factors of d.
5, 7
Let z(i) = 17*i**3 - i**2 - i + 6. Let c(m) = -2 - 3 - 1 + 5. Let u(s) = -6*c(s) - z(s). What are the prime factors of u(-1)?
17
Let o = 261 + -112. List the prime factors of o.
149
Let d(f) = f - 1. Let y(s) = s**2 - 8*s + 8. Let p(q) = d(q) + y(q). Let v be p(9). Suppose v - 85 = -6*j. List the prime factors of j.
2, 5
Suppose -3*p + 12 = 0, 2*p + 547 = -5*n - 0*n. Let z = n - -262. List the prime factors of z.
151
List the prime factors of (-542)/(8/24 - 20/24).
2, 271
Let n(p) = 169*p - 351. List the prime factors of n(14).
5, 13, 31
Suppose 2*r = -0*b - 2*b + 88, 4*b - 144 = 4*r. List the prime factors of ((b/12)/(-5))/(4/(-204)).
2, 17
List the prime factors of (9/18)/((-1)/(-6590)).
5, 659
Let h be 1 + 3 + (3 - 2). Suppose 5*k + 1 = 2*t, 0 = 4*t - 3*t - k - h. What are the prime factors of t/4*(-23)/(-2)?
23
Let z = 1 - -19. Let y = 6 + -1. Suppose 189 = 4*g - y*f, g - 6 = -3*f + z. List the prime factors of g.
41
Let r = -861 - -3901. What are the prime factors of r?
2, 5, 19
Suppose 2*i - 4 = 2*x + 2, i - 5*x = 7. List the prime factors of 28/(-1*i/(-13)).
2, 7, 13
Suppose 3*d - 2 = 7. Suppose 0*k + 105 = d*k. List the prime factors of k.
5, 7
Let c be -6*(-956)/(-16)*8/(-6). Let j = c + -330. What are the prime factors of j?
2, 37
Suppose -3*f + 81 = -4*r, -4*r - r = -4*f + 102. Suppose -68 = 3*h - 5*h. Let d = r + h. List the prime factors of d.
2
Suppose 0 = 3*o + 159 + 3. Let s = -45 - o. List the prime factors of s.
3
Let d(p) be the first derivative of -p**3/3 + 6*p**2 - 15*p + 2. Let o be d(10). Suppose o*h - 169 = 31. List the prime factors of h.
2, 5
Let k = 3 - 17. Let o = -16 - k. What are the prime factors of -4 + (-92)/(-2) + o?
2, 5
Suppose 32*m = 28*m + 512. What are the prime factors of m?
2
Suppose 5*p = -2*u + 2474, 958 = 4*p - 5*u - 1008. What are the prime factors of p?
2, 13, 19
Let l(h) = 43*h - 3*h**2 + 3 - 23*h - 2*h**2 - 2*h**3 - 25*h. What are the prime factors of l(-5)?
3, 17
List the prime factors of (0 - -1) + 4641/17.
2, 137
Suppose 0 = 2*j - 0*a + 4*a - 2238, -3*a - 3321 = -3*j. List the prime factors of j.
11, 101
Let x be -1 - 258*6/9. Let s = -122 - x. Suppose 4*d - d = s. What are the prime factors of d?
17
Let r = -19 - -23. Suppose -335 = -r*d - c, 8*c - 15 = 3*c. Let b = d - 10. List the prime factors of b.
73
Let c = -1822 + 3600. List the prime factors of c.
2, 7, 127
Suppose o = 2*p + 441, o = -5*p - 176 + 589. List the prime factors of o.
433
Let x = -43 + 45. Suppose -12 = -x*h - 2. What are the prime factors of h?
5
Suppose -u + 33 = -4*c - 36, -3*u = -2*c - 187. Suppose l = -f - 2*l + u, -5*f + 250 = 4*l. What are the prime factors of f?
2, 23
Let o(v) = 12*v**2 - v - 1. Let y be o(-1). Let z(x) be the second derivative of x**3/2 - 7*x**2 + x. List the prime factors of z(y).
2, 11
Suppose 0*c - 36 = -2*c. Suppose 4*n = -4*a - 16, -5*n - 3*a = -0*a + c. What are the prime factors of n + 0/4 + 30?
3
Let w = 3806 + -952. What are the prime factors of w?
2, 1427
Let q = -355 - -771. Let c = q + -225. List the prime factors of c.
191
Let f be (-23)/2 - (-1)/2. Let d = f - -13. Let s(m) = 6*m**2 + 2*m - 2. What are the prime factors of s(d)?
2, 13
Let n(q) = q**3 + 14*q**2 - 3*q - 4. Let c be n(-11). Let f = c - 276. What are the prime factors of f?
2, 29
Let d(j) = -7*j + 2 - 4*j**3 - j**2 + 3*j**3 + 8*j. Let k be d(0). Suppose -k*x - 28 = -l, 0 = -4*l + 3*x + 117. List the prime factors of l.
2, 3, 5
Suppose -13165 = -25*j + 9310. List the prime factors of j.
29, 31
Suppose -118 = -3*r - 3*l + 182, -4*r + 4*l + 368 = 0. Let q = -20 + r. List the prime factors of q.
2, 19
Let r(a) = 15*a + 11. Suppose 0 = -5*w - 4*g + 17 + 18, 4*g = 20. What are the prime factors of r(w)?
2, 7
Let p(l) = 3 - l + 0*l - 1. Suppose 11*z - 2*z = -36. List the prime factors of p(z).
2, 3
Let c be -6*(-2)/(-20)*-5. Let v(n) = -c*n + 5*n**2 - 4 - 3 + 3 + n**2. What are the prime factors of v(3)?
41
Suppose 5*f - 5*u = -5, -f = 4*f + 3*u - 19. Let r(t) = -2*t - 4*t + f*t + 4 + 6*t. What are the prime factors of r(3)?
2, 5
Suppose 20 = -5*k, -5*i - 5*k + 4*k + 2176 = 0. List the prime factors of i.
2, 109
Let z(m) = 2*m**2 - 21*m - 108. List the prime factors of z(-4).
2
Let n be (6/(-15))/((-6)/45). Suppose 0 = 2*f + n*f - 285. List the prime factors of f.
3, 19
Suppose -4*n - 3*z = -n - 12, 4*z = n - 4. Suppose n*h - 3*h = 10. Suppose 3*f - 9 - 36 = -3*k, 2*k - h = -f. What are the prime factors of f?
2, 5
Let n = -336 - -34. Let h = -182 - n. List the prime factors of h.
2, 3, 5
Let u(c) = 4*c**2 + 9*c + 16. What are the prime factors of u(12)?
2, 5, 7
Let h(b) = -2*b**3 + 8*b**2 + 4*b + 18. What are the prime factors of h(-8)?
2, 761
Let d = 1960 - 1646. List the prime factors of d.
2, 157
Let m be 150/20*16/6. Suppose m = -0*r + r. What are the prime factors of r?
2, 5
Let l = 1750 - 1002. What are the prime factors of l?
2, 11, 17
List the prime factors of (-51 - -63)/(1/(-94)*-2).
2, 3, 47
Let h = 93 + -87. What are the prime factors of 4/(8/h)*2064/36?
2, 43
Let x be (10/3)/((-5)/795). Let h = -760 - x. List the prime factors of (-8)/24 + h/(-6).
2, 19
Let w(k) = 16*k**2 - 3*k + 9. Let y be w(-6). List the prime factors of ((-2)/(-6))/(3/y).
67
Let h be (4/5)/(2/15). Suppose h*d - 11*d + 455 = 0. List the prime factors of d.
7, 13
Let t = 1069 - 213. List the prime factors of t.
2, 107
Suppose -1294*z = -1298*z + 2904. List the prime factors of z.
2, 3, 11
Let w(a) = a**2 + 4*a + 1. Let c be w(-4). Let m(r) = r**2 + r. Let k be m(c). Suppose -3*l = 4*h - 87, k*h + h - 5*l = 87. List the prime factors of h.
2, 3
What are the prime factors of 6456/4 + (-4)/(-12)*9?
3, 7, 11
Let c = -76 + 136. List the prime factors of c.
2, 3, 5
Suppose -15*q + 5*w + 208 = -11*q, 4*q - 2*w - 208 = 0. List the prime factors of q.
2, 13
What are the prime factors of ((-1)/1 + -8)*1646/(-6)?
3, 823
Suppose 3*h = -g - 3, -7*g + 3*g + 8 = 2*h. Let i = g - 3. Suppose i = 4*s - 4*m - 164, 4*s + 4*m = 154 + 34. List the prime factors of s.
2, 11
Let v = -53 + 41. What are the prime factors of (-1125)/v - 9/12?
3, 31
Let k(v) = v**3 + 5*v**2 - v + 3. Let r be k(-5). Suppose -r*i = -2*i - 204. List the prime factors of i.
2, 17
Suppose 0*o = 10*o + 650. Let m = -17 - o. List the prime factors of m.
2, 3
Let u = -694 - -1476. What are the prime factors of u?
2, 17, 23
Let o = 194 + -62. List the prime factors of (18/(-4))/(-1*6/o).
3, 11
Let i(a) = 5*a - 14. Let t be i(4). Suppose 60 = t*n - 0*n. What are the prime factors of n?
2, 5
Let b(x) = -23*x. Let n = -2 - -8. Let k(m) = -24*m. Let t(a) = n*k(a) - 7*b(a). List the prime factors of t(1).
17
Let f be 429/(-7) - 14/(-49). Let x = -13 - f. Let a = x - 11. List the prime factors of a.
37
Let r be -1 + 2 - 10/6*-3. Let a(p) = -2*p**3 - 3*p**3 + 4*p**3 + 1 + 7*p + 5*p**2. List the prime factors of a(r).
7
Let c be 128/20 - (-2)/(-5). Suppose -3*g = 5*v + 10, 3*v - g + c = 4*g. What are the prime factors of 168/(-6)*1/v?
2, 7
Let f(t) = t**2 + 4*t + 3. Let l be f(-3). Let g(h) = -h**3 + h**2 + 78. List the prime factors of g(l).
2, 3, 13
Let i = 1183 - 787. What are the prime factors of i?
2, 3, 11
Let t = 23 - 24. Let i be (12/(-8))/(t/2). Suppose -i*n = -5*n + 38. What are the prime factors of n?
19
Suppose -744 = 10*t - 4464. What are the prime factors of (2/(-4))/((-9)/t)*6?
2, 31
Let r = -643 - -671. What are the prime factors of r?
2, 7
Let t be (2*426/(-4))/(6/8). Let v = t + 427. What are the prime factors of v?
11, 13
Let g = 4 - 9. Let v = g + 9. Suppose v*b - 2*b = 4. What are the prime factors of b?
2
Suppose 7*z = -z - 40. Let f be z/10 - (-153)/2. Let b = -18 + f. List the prime factors of b.
2, 29
Suppose -a = -5*y + 21, y + 7*a = 2*a + 25. Suppose -4*t = -4*p - 289 + 13